7) a composite number?
True
Let i be (-30)/(-8) - (-3)/12. Let k = i + -4. Suppose -4*w + 348 = -k*w - l, -5*w + 435 = 5*l. Is w prime?
False
Let m(d) = 3*d**2 - 12*d - 8. Is m(11) prime?
True
Let n(q) = -q**3 - 3*q**2 + 5*q + 9. Let t be n(-4). Is (t/1 - 4)*713 a prime number?
False
Let k be 1/(1*(-3)/(-6)). Suppose 2*u - 2 = -3*j, k*u + 4*j = u - 4. Suppose -9 = u*i - 101. Is i prime?
True
Let d be -3 + -68 + -1 + 0. Let b = -39 - d. Is b a prime number?
False
Let c(d) = d**3 + 8*d**2 + 8*d + 6. Let x be c(-7). Let y = 2 - x. Suppose -38 = -3*i - y*p + 154, 2*i + p = 123. Is i prime?
True
Suppose y + 3*o = 28, y + 5*o - 110 = -4*y. Is y composite?
False
Let f(s) = -78*s + 1. Suppose -c = 2*q + 1, 4*q + 0*c + 7 = 3*c. Is f(q) a composite number?
False
Let g be (4/6)/((-1)/3). Let r(y) = -97*y + 1. Let f be r(g). Suppose 4*b - f = b. Is b prime?
False
Let v = 8929 + -5358. Is v a composite number?
False
Let b be (-3)/(-2)*28/(-3). Suppose -213 = 3*o + 246. Is o/18*(0 + b) composite?
True
Suppose 0 = -2*f - 73 - 33. Let a = 90 + f. Is a prime?
True
Let m(t) = 4*t**2 + t. Let s be m(1). Suppose s*g = -x + 4*x + 21, x - 13 = -5*g. Suppose 3*f = -g*w + 106 - 10, 0 = 5*f + 25. Is w a prime number?
True
Is 2*(1641/2)/3 composite?
False
Let m(x) = x - 4*x - 4 + 2*x. Let r be m(-4). Suppose 2*f + 3*f - 10 = r. Is f prime?
True
Suppose 317 = -0*u + u. Suppose -8*p = -3*p + 4*j - u, j + 327 = 5*p. Is p prime?
False
Let m(p) = p + 15. Let u be m(-13). Suppose b = -u*b + 18. Is b prime?
False
Let c(h) = h - 4. Let i be c(6). Suppose s - z - 39 = 4*z, i*s = -2*z + 126. Is s composite?
False
Is 332/3 + 1/3 a composite number?
True
Suppose -5*w = -42 + 2. Suppose 4*m - w - 9 = 5*d, 10 = -5*m. Is (-2304)/(-30) + (-1)/d a composite number?
True
Is 3/(6/(-4)) - (-3080)/11 prime?
False
Let p(d) = d**2 + 9*d + 9. Is p(-14) a prime number?
True
Suppose 5*w + 3*x - 104 = 0, 0 = 2*w + x - 4 - 38. Suppose p + p = w. Is p a prime number?
True
Let j(n) = -140*n - 2. Let y be j(-2). Let g = y + -145. Is g composite?
True
Suppose 5*m + 10 + 15 = 0. Let t(f) = -f**3 - 2*f**2 + 2*f + 4. Is t(m) prime?
False
Suppose 8 = 4*s - 2*s, 2*c = 3*s + 1334. Is c a prime number?
True
Let x = -50 + 14. Let u = x - -75. Is u prime?
False
Let v(i) = -231*i - 11. Is v(-12) a prime number?
False
Let a(s) = 7*s**2 - 3*s + 6. Suppose -5*o + 7 + 13 = 0. Is a(o) a prime number?
False
Suppose 2*t + m = 64, 3*m + 2 - 8 = 0. Is t a prime number?
True
Let d(f) = f - 2. Let a be d(-2). Let i = 50 + a. Is i prime?
False
Let f(k) = k - 3. Let i be f(7). Suppose -i*w = -60 - 200. Is w prime?
False
Let w = -16 + 26. Let m(y) = y**3 - 11*y**2 + 10*y + 10. Let r be m(w). Is r - -3 - 1*-2 a prime number?
False
Let f(q) = q**2 + 9*q + 6. Let s be f(-9). Is 0 + (s/2 - -35) a prime number?
False
Let w be (-3 - (3 - 0))/(-1). Let a be (-1 + 7)/((-12)/w). Let u = 54 - a. Is u a prime number?
False
Suppose 5*j + 3*z - 2*z - 3516 = 0, z = -2*j + 1407. Is j prime?
False
Let s be (5/(-3) - -1)*-3. Let d = -2 - -4. Suppose -s*x - 2*n + 84 - 12 = 0, d*n = 3*x - 93. Is x a composite number?
True
Let m(l) = 11*l**2 + 47*l - 38. Let v(k) = -4*k**2 - 16*k + 13. Let u(p) = -6*m(p) - 17*v(p). Is u(7) a composite number?
True
Suppose -1616 = -4*f + 5*q, -4*q - 966 = -2*f - 164. Is f a prime number?
True
Let t = 474 + 1361. Is t a prime number?
False
Let c be ((-9)/(-15))/(1/5). Suppose 0*v + 201 = c*v. Is v a prime number?
True
Suppose -3*a + a + k = -357, 4*a = -5*k + 721. Is a prime?
True
Let w = 2 + 36. Suppose -h + w = h. Is h prime?
True
Is 1815/9 + (-16)/6 + 4 a composite number?
True
Is 63 + (-2 - -6)/(-1) prime?
True
Suppose m + 2 = -5*n + 1, 5*m + 5 = 4*n. Let w be 1/(-1) + m - -4. Suppose 2*t + t + 4*a = 29, w*t + a = 11. Is t composite?
False
Let d = 286 + 241. Is d a prime number?
False
Let t(z) = 2*z**2 + z + 1. Let o be t(-1). Let w = 6 - o. Is ((-2)/w)/(2/(-60)) composite?
True
Let p be 96/6*(-28)/(-2). Let y = p + -137. Is y composite?
True
Let w(y) = 2*y**2 + 6*y + 15. Is w(8) a prime number?
True
Let a(h) = h + 14. Let w be a(-7). Let d = 14 + 26. Suppose d = w*m - 3*m. Is m composite?
True
Let i be 2/(-8) + 642/(-24). Let c = 80 - 39. Let t = i + c. Is t a composite number?
True
Let d be (-2)/(0 + 2) + 172. Let b = d + -80. Is b a prime number?
False
Let n(k) = -68*k + 7. Suppose 2*m = 6*m + 24. Is n(m) composite?
True
Is (15/((-315)/(-7994)))/(1/3) a composite number?
True
Suppose s = -4*s + 5. Suppose 2*v - 9 = -s. Suppose -v*g + l + 707 = -149, g - 5*l = 195. Is g a prime number?
False
Let u(z) = -z**2 - 9*z. Let r be u(-7). Suppose 6 = 4*v - r. Let a(t) = 10*t + 3. Is a(v) a composite number?
False
Suppose m = 4*m - 9. Suppose -5*k + m*c = 0, k + 2*c = -0*k. Suppose 0 = -4*o - 2 - 2, 3*l + 3*o - 15 = k. Is l prime?
False
Suppose 985 = 2*u - 397. Is u prime?
True
Let s = -129 + 340. Is s composite?
False
Let y(s) = 34*s**2 - 2*s - 1. Is y(-2) composite?
False
Suppose -4*h + w = 3, 2*w - 7 + 1 = h. Suppose -3*f + 1596 = -h*f. Suppose 264 = 4*l - f. Is l a composite number?
False
Let f = -178 + 357. Is f prime?
True
Suppose -4*n - 4*z + 4040 = 0, 0 = -8*n + 7*n + 2*z + 1007. Is n a prime number?
True
Is -1*1 - (12 + -84) composite?
False
Suppose -4*n + 22 = -2. Let b = n - -8. Let i = 5 + b. Is i composite?
False
Let q be (-3)/(-2 - 5/(-3)). Suppose 5*l - 79 + q = 0. Is l a composite number?
True
Let a(z) = -2*z - 1. Let y be a(-3). Suppose 5*h = 3*o + 82, 0 = -y*h + 3*o + o + 86. Is h a composite number?
True
Suppose 0*s - 2*s + 4*d + 2 = 0, -3*s - d + 17 = 0. Suppose 385 = i - 4*m, -3*i - s*m = -0*i - 1104. Is i composite?
False
Let f(a) = a**2 - 5*a + 2. Let w be f(6). Suppose b + 4*c - 93 = 0, 369 = -3*b + w*b - 4*c. Is b a prime number?
False
Let t be ((-44)/12)/(2/(-6)). Suppose -2*q - 5 = -t. Suppose -y + 2 = 4*p - 1, p + 22 = q*y. Is y a prime number?
True
Let r(d) = 32*d**2 + 2*d - 11. Is r(-7) prime?
True
Let m be (-5)/(5/(-3)) - 18. Is (-6)/m - 193/(-5) a prime number?
False
Suppose h = -2*h - 3. Let q(z) be the first derivative of -25*z**4/4 + z**3/3 + z**2 + z + 1. Is q(h) a composite number?
True
Let s(m) = -8*m - 6. Let a be s(-8). Is (3 - 4/2) + a prime?
True
Let l be 4 + 0 + -1 - 0. Suppose -44 = n - l*n. Is n a composite number?
True
Let n be ((-378)/(-4))/((-3)/6). Let f = n + 101. Let l = f + 135. Is l prime?
True
Suppose -4*d = -2*d - 14. Is d composite?
False
Let w be (8 - 6/3) + -2. Suppose w + 153 = s. Is s a composite number?
False
Let i(v) = -v + 313. Let j be i(0). Suppose -2*w + j = 3*o, -w = 4*o + o - 517. Is o a prime number?
True
Is (-3)/9*-603*1 a prime number?
False
Let f = 9 - 1. Let b = f + -4. Suppose -8*c + 3*c = -3*p + 131, -b*p - 3*c + 136 = 0. Is p a composite number?
False
Let u(i) = -16*i**3 - 3*i**2 - 3*i. Let o be u(-2). Suppose 47 = -5*z + o. Is z composite?
True
Let y = -530 + 974. Let d = 695 - y. Is d a composite number?
False
Let m(s) = -s + 7. Let q be m(-6). Suppose 0 = c - 52 - q. Is c prime?
False
Suppose -4*f - 8 = -2*f, 0 = -2*t + 5*f + 1752. Is t a prime number?
False
Suppose -l + 5*x = -44, l - 37 = x - 1. Is l prime?
False
Suppose -5*w + g = 3*g - 10309, -w - 2*g + 2057 = 0. Is w a composite number?
False
Let x(j) = -j**3 - 4*j**2 - 4*j + 3. Is x(-7) prime?
False
Suppose -2*o + 1243 = k + o, 4*o = -8. Is k a prime number?
True
Let z = 53 - 37. Suppose 3*o = -4*y - 2*o + 40, 4*o = z. Suppose y*k - 94 = 1. Is k a composite number?
False
Suppose c - 41 = -3*w, -c + 43 = 5*w - 26. Let d = w - -25. Is d composite?
True
Let v(p) = -p**3 + 8*p**2 - 5*p - 8. Suppose f - 4 = 3. Is v(f) a composite number?
True
Let m(j) = 73*j**2 + j + 6. Let k be 10/8 + (-1)/4. Let h(s) = -1. Let u(l) = k*m(l) + 5*h(l). Is u(2) a composite number?
True
Let h = 51 + -5. Suppose -3*j + h = -2*j. Is j a prime number?
False
Let a(z) = 29*z**2 + 5*z + 13. Is a(-3) a prime number?
False
Let p(s) = -9*s. Let f be p(1). Let l(z) = z + 22. Is l(f) composite?
False
Is 369 + -6 + 6/3 composite?
True
Let i(q) = -3*q**2 + q + 1. Let l be i(-1). Let p = l + 26. Suppose g - 150 = -p. Is g a composite number?
False
Let n(o) = -9*o**2 - 8*o - 19. Let x(h) = 5*h**2 + 4*h + 10. Let c(w) = -4*n(w) - 7*x(w). Let t be c(-4). Let g(u) = -u**2 + 8*u - 5. Is g(t) prime?
True
Suppose -w + 17